{"id":264,"date":"2014-08-26T15:01:00","date_gmt":"2014-08-26T15:01:00","guid":{"rendered":"http:\/\/www.hundinstitutet.com\/?page_id=264"},"modified":"2026-02-26T08:41:48","modified_gmt":"2026-02-26T08:41:48","slug":"helgkurs-i-problembeteenden-framst-i-hund-och-manniskomoten","status":"publish","type":"page","link":"https:\/\/www.hundinstitutet.com\/?page_id=264","title":{"rendered":"Problem: Grundkurs i hund\/mskm\u00f6ten"},"content":{"rendered":"<p>Problembeteendekurs<\/p>\n<p><a href=\"https:\/\/www.hundinstitutet.com\/wp-content\/uploads\/2014\/04\/morrandehund.jpg\"><img loading=\"lazy\" decoding=\"async\" class=\"aligncenter size-full wp-image-129\" src=\"https:\/\/www.hundinstitutet.com\/wp-content\/uploads\/2014\/04\/morrandehund.jpg\" alt=\"morrandehund\" width=\"166\" height=\"232\" \/><\/a><\/p>\n<p>Har DU och din hund problem vid m\u00f6ten av andra hundar och\/eller fr\u00e4mmande m\u00e4nniskor? Det kan handla om vakt\/r\u00e4dslor\/ \u00f6versvallande gl\u00e4dje, hanteringsproblem et c. Det kan ocks\u00e5 handla om att din hund har en h\u00f6g stressniv\u00e5. Vi sysslar inte med tv\u00e5ng eller kvick fix. Att tr\u00e4na problembeteende f\u00f6r best\u00e5ende resultat kr\u00e4ver att du och din hund successivt \u00f6kar sv\u00e5righeterna, bygger upp hundens naturliga signaler och t\u00e4nker l\u00e5ngsiktigt. Vi l\u00e4r dig l\u00e4sa din egen hunds spr\u00e5k och hur du kan anv\u00e4nda dig av det.<\/p>\n<p>Att f\u00f6r\u00e4ndra k\u00e4nslor hos din hund kr\u00e4ver tid, t\u00e5lamod och m\u00e5nga lyckade tr\u00e4ningstillf\u00e4llen. Vi l\u00e4gger successivt till sv\u00e5righeter f\u00f6r ett optimalt resultat. M\u00e5let f\u00f6r kursen \u00e4r att du har f\u00e5tt redskap om hur du kan tr\u00e4na vidare med just Din hund f\u00f6r att slutligen fungera s\u00e5 &#8221;normalt&#8221; som bara \u00e4r m\u00f6jligt f\u00f6r din hund. \u00a0Du kommer att l\u00e4ra dig l\u00e4sa av din egen hund och hur du p\u00e5 ett naturligt s\u00e4tt kan l\u00e4ra in andra beteenden ist\u00e4llet f\u00f6r ex. utfall mot andra hundar eller fr\u00e4mmande m\u00e4nniskor. Du f\u00e5r \u00e4ven en inblick i att tr\u00e4na f\u00f6r att f\u00e5 hunden att g\u00e5 ner i varv\u00a0 samt hur du genom olika hj\u00e4lpmedel ytterligare kan st\u00e4rka din hunds svagheter. Du kommer ocks\u00e5 att l\u00e4ra dig koppelhantering vilket ofta \u00e4r ett f\u00f6rbisett moment i m\u00f6testr\u00e4ningen men nog s\u00e5 viktig och inte s\u00e5 l\u00e4tt alla g\u00e5nger.<\/p>\n<p><a href=\"https:\/\/www.hundinstitutet.com\/wp-content\/uploads\/2014\/05\/hundmotennellyo.jpg\"><img loading=\"lazy\" decoding=\"async\" class=\"aligncenter size-medium wp-image-528\" src=\"https:\/\/www.hundinstitutet.com\/wp-content\/uploads\/2014\/05\/hundmotennellyo-225x300.jpg\" alt=\"hundmotennellyo\" width=\"225\" height=\"300\" srcset=\"https:\/\/www.hundinstitutet.com\/wp-content\/uploads\/2014\/05\/hundmotennellyo-225x300.jpg 225w, https:\/\/www.hundinstitutet.com\/wp-content\/uploads\/2014\/05\/hundmotennellyo-768x1024.jpg 768w\" sizes=\"auto, (max-width: 225px) 100vw, 225px\" \/><\/a><\/p>\n<p>Vi anv\u00e4nder de senaste effektivaste metoderna anpassat f\u00f6r varje individ och dess problem.\u00a0Naturligtvis uts\u00e4tter vi inte Din \u00a0hund f\u00f6r mer \u00e4n den klarar av, vi jobbar v\u00e4ldigt f\u00f6rsiktigt fram f\u00f6r att st\u00e4rka hunden. Vi har fokus p\u00e5 att jobba tillsammans med hunden och inte mot hunden. \u00a0I b\u00f6rjan tr\u00e4nar vi med bara en hund i taget.<\/p>\n<p>Kursen i problembeteenden ger dig som deltagare \u00e4ven insikt i andras problem och l\u00f6sningar p\u00e5 dem.<\/p>\n<p>Vi har f\u00e5tt v\u00e4ldigt god respons av eleverna som deltagit p\u00e5 dessa kurser. De flesta hundar har gjort enorma framsteg vilket eleverna inte trodde var m\u00f6jligt! Att f\u00e5 tr\u00e4ffa andra deltagare med liknande bekymmer \u00e4r ocks\u00e5 v\u00e4ldigt betydelsefullt.<\/p>\n<p><span style=\"line-height: 1.5;\">V\u00e4lkommen att g\u00f6ra en &#8221;ans\u00f6kan&#8221; f\u00f6r denna kurs. Beskriv problemet, vad reagerar din hund p\u00e5, hur l\u00e4nge det p\u00e5g\u00e5tt, p\u00e5 hur l\u00e5ngt avst\u00e5nd blir din hund &#8221;l\u00e5st\/sv\u00e5r&#8221; vid \u00e5synen av ex annan hund eller msk? Finns det andra problem som ex, g\u00e5 i koppel utan att dra? Sv\u00e5ra reaktioner p\u00e5 bilar, katter, pl\u00f6tsliga h\u00e4ndelser, ber\u00f6ring\/fysisk kontakt av fr\u00e4mmande, h\u00f6g energiniv\u00e5 mm?\u00a0 \u00d6vriga tr\u00e4ningsproblem ?\u00a0 Denna information g\u00f6r att man b\u00e4ttre kan anpassa hunden till r\u00e4tt tr\u00e4ningsgrupp.\u00a0 Vissa hundar kan vara l\u00e4mpliga f\u00f6r privatlektioner ist\u00e4llet.\u00a0\u00a0<\/span><\/p>\n<p><strong>Problembeteendekurs hundm\u00f6ten.\u00a0<\/strong> F\u00f6r hunden d\u00e4r sv\u00e5righeten \u00e4r m\u00f6ten under vardagliga promenader. Denna passar \u00e4ven dig som vill tr\u00e4na f\u00f6rebyggande eller har \u00f6versvallande gl\u00e4dje som &#8221;problem&#8221;.\u00a0\u00a0<\/p>\n<p><strong>Problembeteendekurs m\u00e4nniskom\u00f6ten\/hantering<\/strong>.\u00a0 Denna kurs passar hundar med os\u00e4kerhet mot m\u00e4nniskor i m\u00f6ten p\u00e5 promenader och eller os\u00e4kerhet\/r\u00e4dsla i hantering av olika slag ex inf\u00f6r veterin\u00e4rbes\u00f6k, kloklippning eller utst\u00e4llningshantering av fr\u00e4mmande m\u00e4nniska. All tr\u00e4ning anpassas till individens niv\u00e5. Datum: p\u00e5 kommande\/g\u00f6r intresseanm\u00e4lan<\/p>\n<p>Pris: Hundm\u00f6teskurs eller M\u00e4nniskom\u00f6ten\/hantering\u00a0 179\u00a0 \u20ac\u00a0 per kurs, max 3-4 ekipage beroende p\u00e5 problem. Under 2 veckors tid efter kursen har eleverna m\u00f6jlighet att fr\u00e5ga och skicka filmer s\u00e5 man \u00e4ven kan f\u00e5 hj\u00e4lp p\u00e5 distans f\u00f6r en optimal start.<\/p>\n<p><span style=\"line-height: 1.5;\">Tr\u00e4ningstiden kan variera beroende av hundars\/f\u00f6rares behov. Kursen \u00e4r planerad f\u00f6r dig som inte g\u00e5tt hundm\u00f6teskurs vid hundinstitutet tidigare.\u00a0<\/span><\/p>\n<p>Medtag:\u00a0g\u00e4rna en bekv\u00e4m passande sele, g\u00e4rna Y-sele.\u00a0 \u00a0L\u00e5ngkoppel 3-5 m ( ej flexi)<\/p>\n<p>Efter dessa kurser har du m\u00f6jlighet att boka privatlektioner eller forts\u00e4ttningskurs i de beteenden du \u00f6nskar, anm\u00e4l intresse under kursens g\u00e5ng<\/p>\n\n<div class=\"wpforms-container wpforms-container-full wpforms-block wpforms-block-49281f44-fd73-4847-954d-c047d24c46f8\" id=\"wpforms-1707\"><form id=\"wpforms-form-1707\" class=\"wpforms-validate wpforms-form\" data-formid=\"1707\" method=\"post\" enctype=\"multipart\/form-data\" action=\"\/index.php?rest_route=%2Fwp%2Fv2%2Fpages%2F264\" data-token=\"d94b1660263b87d4f69e13f4498984cb\" data-token-time=\"1776846944\"><noscript class=\"wpforms-error-noscript\">Aktivera JavaScript i din webbl\u00e4sare f\u00f6r att fylla i formul\u00e4ret.<\/noscript><div class=\"wpforms-field-container\"><div id=\"wpforms-1707-field_2-container\" class=\"wpforms-field wpforms-field-name\" data-field-id=\"2\"><label class=\"wpforms-field-label\" for=\"wpforms-1707-field_2\">Namn <span class=\"wpforms-required-label\">*<\/span><\/label><div class=\"wpforms-field-row wpforms-field-medium\"><div class=\"wpforms-field-row-block wpforms-first wpforms-one-half\"><input type=\"text\" id=\"wpforms-1707-field_2\" class=\"wpforms-field-name-first wpforms-field-required\" name=\"wpforms[fields][2][first]\" placeholder=\"F\u00f6rnamn\" required><label for=\"wpforms-1707-field_2\" class=\"wpforms-field-sublabel after wpforms-sublabel-hide\">F\u00f6rst<\/label><\/div><div class=\"wpforms-field-row-block wpforms-one-half\"><input type=\"text\" id=\"wpforms-1707-field_2-last\" class=\"wpforms-field-name-last wpforms-field-required\" name=\"wpforms[fields][2][last]\" placeholder=\"Efternamn\" required><label for=\"wpforms-1707-field_2-last\" class=\"wpforms-field-sublabel after wpforms-sublabel-hide\">Sist<\/label><\/div><\/div><\/div><div id=\"wpforms-1707-field_3-container\" class=\"wpforms-field wpforms-field-text\" data-field-id=\"3\"><label class=\"wpforms-field-label\" for=\"wpforms-1707-field_3\">Adress <span class=\"wpforms-required-label\">*<\/span><\/label><input type=\"text\" id=\"wpforms-1707-field_3\" class=\"wpforms-field-medium wpforms-field-required\" name=\"wpforms[fields][3]\" placeholder=\"N\u00e4radress\" required><\/div><div id=\"wpforms-1707-field_4-container\" class=\"wpforms-field wpforms-field-text\" data-field-id=\"4\"><label class=\"wpforms-field-label\" for=\"wpforms-1707-field_4\">Postadress <span class=\"wpforms-required-label\">*<\/span><\/label><input type=\"text\" id=\"wpforms-1707-field_4\" class=\"wpforms-field-medium wpforms-field-required\" name=\"wpforms[fields][4]\" placeholder=\"Postnummer och ort\" required><\/div><div id=\"wpforms-1707-field_5-container\" class=\"wpforms-field wpforms-field-email\" data-field-id=\"5\"><label class=\"wpforms-field-label\" for=\"wpforms-1707-field_5\">Epost <span class=\"wpforms-required-label\">*<\/span><\/label><input type=\"email\" id=\"wpforms-1707-field_5\" class=\"wpforms-field-medium wpforms-field-required\" name=\"wpforms[fields][5]\" spellcheck=\"false\" required><\/div><div id=\"wpforms-1707-field_18-container\" class=\"wpforms-field wpforms-field-text\" data-field-id=\"18\"><label class=\"wpforms-field-label\" for=\"wpforms-1707-field_18\">Telefonnummer <span class=\"wpforms-required-label\">*<\/span><\/label><input type=\"text\" id=\"wpforms-1707-field_18\" class=\"wpforms-field-medium wpforms-field-required\" name=\"wpforms[fields][18]\" required><\/div><div id=\"wpforms-1707-field_7-container\" class=\"wpforms-field wpforms-field-text\" data-field-id=\"7\"><label class=\"wpforms-field-label\" for=\"wpforms-1707-field_7\">Jag vill delta i  <span class=\"wpforms-required-label\">*<\/span><\/label><input type=\"text\" id=\"wpforms-1707-field_7\" class=\"wpforms-field-medium wpforms-field-required\" name=\"wpforms[fields][7]\" placeholder=\"Kursnamn\" required><\/div><div id=\"wpforms-1707-field_8-container\" class=\"wpforms-field wpforms-field-text\" data-field-id=\"8\"><label class=\"wpforms-field-label\" for=\"wpforms-1707-field_8\">Hundens namn <span class=\"wpforms-required-label\">*<\/span><\/label><input type=\"text\" id=\"wpforms-1707-field_8\" class=\"wpforms-field-medium wpforms-field-required\" name=\"wpforms[fields][8]\" required><\/div><div id=\"wpforms-1707-field_9-container\" class=\"wpforms-field wpforms-field-text\" data-field-id=\"9\"><label class=\"wpforms-field-label\" for=\"wpforms-1707-field_9\">Hundens ras <span class=\"wpforms-required-label\">*<\/span><\/label><input type=\"text\" id=\"wpforms-1707-field_9\" class=\"wpforms-field-medium wpforms-field-required\" name=\"wpforms[fields][9]\" required><\/div><div id=\"wpforms-1707-field_10-container\" class=\"wpforms-field wpforms-field-checkbox\" data-field-id=\"10\"><label class=\"wpforms-field-label\">Hundens k\u00f6n <span class=\"wpforms-required-label\">*<\/span><\/label><ul id=\"wpforms-1707-field_10\" class=\"wpforms-field-required\"><li class=\"choice-1 depth-1\"><input type=\"checkbox\" id=\"wpforms-1707-field_10_1\" name=\"wpforms[fields][10][]\" value=\"Tik\" required ><label class=\"wpforms-field-label-inline\" for=\"wpforms-1707-field_10_1\">Tik<\/label><\/li><li class=\"choice-2 depth-1\"><input type=\"checkbox\" id=\"wpforms-1707-field_10_2\" name=\"wpforms[fields][10][]\" value=\"Hane\" required ><label class=\"wpforms-field-label-inline\" for=\"wpforms-1707-field_10_2\">Hane<\/label><\/li><\/ul><\/div><div id=\"wpforms-1707-field_12-container\" class=\"wpforms-field wpforms-field-textarea\" data-field-id=\"12\"><label class=\"wpforms-field-label\" for=\"wpforms-1707-field_12\">Vad vill du l\u00e4ra dig p\u00e5 kursen?<\/label><textarea id=\"wpforms-1707-field_12\" class=\"wpforms-field-medium\" name=\"wpforms[fields][12]\" ><\/textarea><\/div><div id=\"wpforms-1707-field_13-container\" class=\"wpforms-field wpforms-field-textarea\" data-field-id=\"13\"><label class=\"wpforms-field-label\" for=\"wpforms-1707-field_13\"> Ska hunden anv\u00e4ndas till n\u00e5got speciellt? (jakt, bruks, lydnad, sp\u00e5r, familjehund)<\/label><textarea id=\"wpforms-1707-field_13\" class=\"wpforms-field-medium\" name=\"wpforms[fields][13]\" ><\/textarea><\/div><div id=\"wpforms-1707-field_14-container\" class=\"wpforms-field wpforms-field-textarea\" data-field-id=\"14\"><label class=\"wpforms-field-label\" for=\"wpforms-1707-field_14\">Har hunden haft n\u00e5gra skador eller sjukdomar?<\/label><textarea id=\"wpforms-1707-field_14\" class=\"wpforms-field-medium\" name=\"wpforms[fields][14]\" ><\/textarea><\/div><div id=\"wpforms-1707-field_15-container\" class=\"wpforms-field wpforms-field-textarea\" data-field-id=\"15\"><label class=\"wpforms-field-label\" for=\"wpforms-1707-field_15\">Har du specifika problem med hunden?<\/label><textarea id=\"wpforms-1707-field_15\" class=\"wpforms-field-medium\" name=\"wpforms[fields][15]\" ><\/textarea><\/div><div id=\"wpforms-1707-field_16-container\" class=\"wpforms-field wpforms-field-checkbox\" data-field-id=\"16\"><label class=\"wpforms-field-label\">Avbest\u00e4llningsvillkor: Anm\u00e4lan till kurs\/utbildning \u00e4r bindande. Vid f\u00f6rhinder har jag sj\u00e4lv r\u00e4tt att s\u00e4lja min avbokade plats till annan deltagare som \u00e4r p\u00e5 l\u00e4mplig niv\u00e5 f\u00f6r kursen. <span class=\"wpforms-required-label\">*<\/span><\/label><ul id=\"wpforms-1707-field_16\" class=\"wpforms-field-required\"><li class=\"choice-1 depth-1\"><input type=\"checkbox\" id=\"wpforms-1707-field_16_1\" name=\"wpforms[fields][16][]\" value=\"Jag accepterar\" required ><label class=\"wpforms-field-label-inline\" for=\"wpforms-1707-field_16_1\">Jag accepterar<\/label><\/li><\/ul><\/div><div id=\"wpforms-1707-field_17-container\" class=\"wpforms-field wpforms-field-checkbox\" data-field-id=\"17\"><label class=\"wpforms-field-label\">Ansvarsvillkor: Jag \u00e4r sj\u00e4lv ansvarig f\u00f6r att jag och min hund \u00e4r tillr\u00e4ckligt f\u00f6rs\u00e4krade. Jag bekr\u00e4ftar att jag deltar p\u00e5 kursen p\u00e5 eget ansvar och att jag sj\u00e4lv \u00e4r ansvarig f\u00f6r eventuella skador som jag eller min hund orsakar. <span class=\"wpforms-required-label\">*<\/span><\/label><ul id=\"wpforms-1707-field_17\" class=\"wpforms-field-required\"><li class=\"choice-1 depth-1\"><input type=\"checkbox\" id=\"wpforms-1707-field_17_1\" name=\"wpforms[fields][17][]\" value=\"Jag accepterar\" required ><label class=\"wpforms-field-label-inline\" for=\"wpforms-1707-field_17_1\">Jag accepterar<\/label><\/li><\/ul><\/div><\/div><!-- .wpforms-field-container --><div class=\"wpforms-submit-container\" ><input type=\"hidden\" name=\"wpforms[id]\" value=\"1707\"><input type=\"hidden\" name=\"page_title\" value=\"\"><input type=\"hidden\" name=\"page_url\" value=\"https:\/\/www.hundinstitutet.com\/index.php?rest_route=\/wp\/v2\/pages\/264\"><input type=\"hidden\" name=\"url_referer\" value=\"\"><button type=\"submit\" name=\"wpforms[submit]\" id=\"wpforms-submit-1707\" class=\"wpforms-submit\" data-alt-text=\"Skickar din anm\u00e4lan...\" data-submit-text=\"Skicka\" aria-live=\"assertive\" value=\"wpforms-submit\">Skicka<\/button><\/div><\/form><\/div>  <!-- .wpforms-container -->\n\n\n<p><\/p>\n","protected":false},"excerpt":{"rendered":"<p>Problembeteendekurs Har DU och din hund problem vid m\u00f6ten av andra hundar och\/eller fr\u00e4mmande m\u00e4nniskor? Det kan handla om vakt\/r\u00e4dslor\/ \u00f6versvallande gl\u00e4dje, hanteringsproblem et c. Det kan ocks\u00e5 handla om att din hund har en h\u00f6g stressniv\u00e5. Vi sysslar inte med tv\u00e5ng eller kvick fix. Att tr\u00e4na problembeteende f\u00f6r best\u00e5ende resultat kr\u00e4ver att du och &hellip; <a href=\"https:\/\/www.hundinstitutet.com\/?page_id=264\" class=\"more-link\">Forts\u00e4tt l\u00e4sa <span class=\"screen-reader-text\">Problem: Grundkurs i hund\/mskm\u00f6ten<\/span><\/a><\/p>\n","protected":false},"author":1,"featured_media":0,"parent":493,"menu_order":0,"comment_status":"closed","ping_status":"closed","template":"","meta":{"footnotes":""},"class_list":["post-264","page","type-page","status-publish","hentry"],"_links":{"self":[{"href":"https:\/\/www.hundinstitutet.com\/index.php?rest_route=\/wp\/v2\/pages\/264","targetHints":{"allow":["GET"]}}],"collection":[{"href":"https:\/\/www.hundinstitutet.com\/index.php?rest_route=\/wp\/v2\/pages"}],"about":[{"href":"https:\/\/www.hundinstitutet.com\/index.php?rest_route=\/wp\/v2\/types\/page"}],"author":[{"embeddable":true,"href":"https:\/\/www.hundinstitutet.com\/index.php?rest_route=\/wp\/v2\/users\/1"}],"replies":[{"embeddable":true,"href":"https:\/\/www.hundinstitutet.com\/index.php?rest_route=%2Fwp%2Fv2%2Fcomments&post=264"}],"version-history":[{"count":66,"href":"https:\/\/www.hundinstitutet.com\/index.php?rest_route=\/wp\/v2\/pages\/264\/revisions"}],"predecessor-version":[{"id":4467,"href":"https:\/\/www.hundinstitutet.com\/index.php?rest_route=\/wp\/v2\/pages\/264\/revisions\/4467"}],"up":[{"embeddable":true,"href":"https:\/\/www.hundinstitutet.com\/index.php?rest_route=\/wp\/v2\/pages\/493"}],"wp:attachment":[{"href":"https:\/\/www.hundinstitutet.com\/index.php?rest_route=%2Fwp%2Fv2%2Fmedia&parent=264"}],"curies":[{"name":"wp","href":"https:\/\/api.w.org\/{rel}","templated":true}]}}