{"id":605,"date":"2015-10-27T17:34:01","date_gmt":"2015-10-27T17:34:01","guid":{"rendered":"http:\/\/www.hundinstitutet.com\/?page_id=605"},"modified":"2024-04-26T07:06:46","modified_gmt":"2024-04-26T07:06:46","slug":"nosework-for-nyborjare","status":"publish","type":"page","link":"https:\/\/www.hundinstitutet.com\/?page_id=605","title":{"rendered":"Nosework 1"},"content":{"rendered":"<div class=\"wp-block-image\">\n<figure class=\"aligncenter size-large is-resized\"><a href=\"https:\/\/www.hundinstitutet.com\/wp-content\/uploads\/2024\/04\/439218248_401584656087577_6360935008102620107_n-1.jpg\"><img loading=\"lazy\" decoding=\"async\" width=\"768\" height=\"1024\" src=\"https:\/\/www.hundinstitutet.com\/wp-content\/uploads\/2024\/04\/439218248_401584656087577_6360935008102620107_n-1-768x1024.jpg\" alt=\"\" class=\"wp-image-3150\" style=\"width:333px;height:auto\" srcset=\"https:\/\/www.hundinstitutet.com\/wp-content\/uploads\/2024\/04\/439218248_401584656087577_6360935008102620107_n-1-768x1024.jpg 768w, https:\/\/www.hundinstitutet.com\/wp-content\/uploads\/2024\/04\/439218248_401584656087577_6360935008102620107_n-1-225x300.jpg 225w, https:\/\/www.hundinstitutet.com\/wp-content\/uploads\/2024\/04\/439218248_401584656087577_6360935008102620107_n-1.jpg 828w\" sizes=\"auto, (max-width: 768px) 100vw, 768px\" \/><\/a><\/figure>\n<\/div>\n\n\n<h4 class=\"wp-block-heading\">Startkurs med<strong> beh\u00e5llars\u00f6k och inomhuss\u00f6k<\/strong><strong style=\"color: inherit; font-size: 12px;\">&nbsp;<\/strong><\/h4>\n\n\n\n<p>Nosework \u00e4r en hundsportgren d\u00e4r i princip vilken hund som helst kan delta! Oavsett om du bara vill aktivera din hund med n\u00e5got roligt eller om du \u00e4r t\u00e4vlingsinriktad s\u00e5 passar denna gren utm\u00e4rkt. Sj\u00e4lvklart anv\u00e4nder vi bel\u00f6ningsbaserad tr\u00e4ning \u00e4ven h\u00e4r. Nu v\u00e4xer sporten med rasande fart och i Norden letar hundarna dofter som eukalyptus, lavendel och lagerblad. Hundarna s\u00f6ker b\u00e5de inomhus och utomhus. ex bland kartonger, m\u00f6bler, p\u00e5 v\u00e4ggar, golv eller runt fordon. <\/p>\n\n\n\n<p>Nosework utvecklades till en b\u00f6rjan f\u00f6r hundar som beh\u00f6vde en meningsfull syssels\u00e4ttning. Nosework kan \u00e4ven fungera som ett komplement f\u00f6r att hj\u00e4lpa reaktiva, k\u00e4nsliga och h\u00f6gvarvade hundar till att komma ner p\u00e5 en l\u00e4gre stressniv\u00e5. <\/p>\n\n\n\n<p>Det finns tre olika t\u00e4vlingsklasser och varje klass best\u00e5r av fyra olika moment: inomhuss\u00f6k, utomhuss\u00f6k, fordonss\u00f6k och beh\u00e5llars\u00f6k. Kursen:  <a href=\"https:\/\/www.hundinstitutet.com\/?page_id=688\" data-type=\"page\" data-id=\"688\">Nosework 2<\/a> inneh\u00e5ller fordons- och utomhuss\u00f6k.<\/p>\n\n\n\n<p>Film om hur det kan se ut, p\u00e5 filmen tv\u00e5 fynd (nyb\u00f6rjarhund, andra dagen noseworktr\u00e4ning):<\/p>\n\n\n\n<figure class=\"wp-block-embed is-type-video is-provider-youtube wp-block-embed-youtube wp-embed-aspect-16-9 wp-has-aspect-ratio\"><div class=\"wp-block-embed__wrapper\">\n<iframe loading=\"lazy\" title=\"Nosework\" width=\"660\" height=\"371\" src=\"https:\/\/www.youtube.com\/embed\/jNUqHYnMd98?feature=oembed\" frameborder=\"0\" allow=\"accelerometer; autoplay; clipboard-write; encrypted-media; gyroscope; picture-in-picture; web-share\" referrerpolicy=\"strict-origin-when-cross-origin\" allowfullscreen><\/iframe>\n<\/div><figcaption class=\"wp-element-caption\">Nelly, f\u00f6rsta dagen Noseworktr\u00e4ning UHAC<\/figcaption><\/figure>\n\n\n<div class=\"wp-block-image\">\n<figure class=\"aligncenter size-large is-resized\"><a href=\"https:\/\/www.hundinstitutet.com\/wp-content\/uploads\/2024\/04\/437171751_2132676873769303_4560331090321483386_n.jpg\"><img loading=\"lazy\" decoding=\"async\" width=\"670\" height=\"1024\" src=\"https:\/\/www.hundinstitutet.com\/wp-content\/uploads\/2024\/04\/437171751_2132676873769303_4560331090321483386_n-670x1024.jpg\" alt=\"\" class=\"wp-image-3152\" style=\"width:320px;height:auto\" srcset=\"https:\/\/www.hundinstitutet.com\/wp-content\/uploads\/2024\/04\/437171751_2132676873769303_4560331090321483386_n-670x1024.jpg 670w, https:\/\/www.hundinstitutet.com\/wp-content\/uploads\/2024\/04\/437171751_2132676873769303_4560331090321483386_n-196x300.jpg 196w, https:\/\/www.hundinstitutet.com\/wp-content\/uploads\/2024\/04\/437171751_2132676873769303_4560331090321483386_n-768x1174.jpg 768w, https:\/\/www.hundinstitutet.com\/wp-content\/uploads\/2024\/04\/437171751_2132676873769303_4560331090321483386_n.jpg 827w\" sizes=\"auto, (max-width: 670px) 100vw, 670px\" \/><\/a><\/figure>\n<\/div>\n\n\n<p>Jag har \u00e4ven utbildat och jobbat med specials\u00f6kshund under ett par \u00e5rs tid. Jag \u00e4r certifierad Noseworkinstrukt\u00f6r av SNWK, Svenska Noseworkklubben och<strong> <\/strong>doftprovsdomare av SNWK. Jag har \u00e4ven g\u00e5tt flertal s\u00f6kutvecklingskurser inom Nosework f\u00f6r olika v\u00e4lk\u00e4nda instrukt\u00f6rer. Jag har utf\u00f6rt doftprov i Sverige, klass 1 och klass 2 , t\u00e4vlat i klass 1 samtliga moment. Du kan l\u00e4sa mer om mig som instrukt\u00f6r <a href=\"https:\/\/www.hundinstitutet.com\/?page_id=22\" data-type=\"page\" data-id=\"22\">h\u00e4r<\/a>.<\/p>\n\n\n<div class=\"wp-block-image\">\n<figure class=\"aligncenter\"><a href=\"https:\/\/www.hundinstitutet.com\/wp-content\/uploads\/2016\/10\/12821621_954232097980238_611158092642277721_n.jpg\"><img loading=\"lazy\" decoding=\"async\" width=\"225\" height=\"300\" src=\"https:\/\/www.hundinstitutet.com\/wp-content\/uploads\/2016\/10\/12821621_954232097980238_611158092642277721_n-225x300.jpg\" alt=\"12821621_954232097980238_611158092642277721_n\" class=\"wp-image-910\" srcset=\"https:\/\/www.hundinstitutet.com\/wp-content\/uploads\/2016\/10\/12821621_954232097980238_611158092642277721_n-225x300.jpg 225w, https:\/\/www.hundinstitutet.com\/wp-content\/uploads\/2016\/10\/12821621_954232097980238_611158092642277721_n.jpg 720w\" sizes=\"auto, (max-width: 225px) 100vw, 225px\" \/><\/a><\/figure>\n<\/div>\n\n\n<p>P\u00e5 nosework 1, som \u00e4r en nyb\u00f6rjar kurs, fokuserar vi i f\u00f6rsta hand p\u00e5 beh\u00e5llars\u00f6k och inomhuss\u00f6k. Vi anpassar tr\u00e4ningen f\u00f6r varje individ, alla beh\u00f6ver inte g\u00e5 lika fort fram, vi satsar p\u00e5 kvalitet i nosarbetet och fokuserar \u00e4ven p\u00e5 att ta pauser l\u00e4mpligt eftersom nosework \u00e4r kr\u00e4vande f\u00f6r din hund. &nbsp;Samtliga ekipage f\u00e5r egen tr\u00e4ningstid utan att andra hundar finns i samma rum\/tr\u00e4ningsomr\u00e5de, dvs beh\u00f6ver samtliga hundar ocks\u00e5 kunna pausa i bilarna.<span style=\"color: #ff0000;\">&nbsp;&nbsp;<\/span><\/p>\n\n\n\n<p>Du f\u00e5r en m\u00f6beltass med doft att ta med hem f\u00f6r vidare tr\u00e4ning.<\/p>\n\n\n\n<p><strong>F\u00f6rkunskaper<\/strong>: grundlydnad eller motsvarande<\/p>\n\n\n\n<p><strong>Efter genomf\u00f6rd kurs<\/strong>&nbsp;kan du g\u00e5 t.ex.&nbsp;<a href=\"https:\/\/www.hundinstitutet.com\/?page_id=688\" data-type=\"page\" data-id=\"688\">nosework 2<\/a>, <a href=\"https:\/\/www.hundinstitutet.com\/?page_id=1880\" data-type=\"page\" data-id=\"1880\">noseworkl\u00e4ger\/s\u00f6kutveckling<\/a> eller <a href=\"https:\/\/www.hundinstitutet.com\/?page_id=930\" data-type=\"page\" data-id=\"930\">s\u00f6kutveckling: s\u00f6kplattform och doftstock<\/a>.<\/p>\n\n\n\n<p>Nu finns en planerad kurs! Se aktuella kurser f\u00f6r mer info!<\/p>\n\n\n\n<div class=\"wp-block-buttons is-content-justification-center is-layout-flex wp-container-core-buttons-is-layout-16018d1d wp-block-buttons-is-layout-flex\">\n<div class=\"wp-block-button\"><a class=\"wp-block-button__link wp-element-button\" href=\"https:\/\/www.hundinstitutet.com\/?page_id=2861\">AKTUELLA KURSER<\/a><\/div>\n<\/div>\n\n\n\n<p>Anm\u00e4lan \u00e4r bindande.<\/p>\n\n\n\n<p>ANM\u00c4LNINGSBLANKETT<\/p>\n\n\n<div class=\"wpforms-container wpforms-container-full wpforms-block wpforms-block-bdfd4c8f-7f5f-44dd-9983-b1fcc7fa097a\" id=\"wpforms-1707\"><form id=\"wpforms-form-1707\" class=\"wpforms-validate wpforms-form\" data-formid=\"1707\" method=\"post\" enctype=\"multipart\/form-data\" action=\"\/index.php?rest_route=%2Fwp%2Fv2%2Fpages%2F605\" data-token=\"74d37367f0774688ec90bb6a4584c639\" data-token-time=\"1776775449\"><noscript class=\"wpforms-error-noscript\">Aktivera JavaScript i din webbl\u00e4sare f\u00f6r att fylla i formul\u00e4ret.<\/noscript><div class=\"wpforms-field-container\"><div id=\"wpforms-1707-field_2-container\" class=\"wpforms-field wpforms-field-name\" data-field-id=\"2\"><label class=\"wpforms-field-label\" for=\"wpforms-1707-field_2\">Namn <span class=\"wpforms-required-label\">*<\/span><\/label><div class=\"wpforms-field-row wpforms-field-medium\"><div class=\"wpforms-field-row-block wpforms-first wpforms-one-half\"><input type=\"text\" id=\"wpforms-1707-field_2\" class=\"wpforms-field-name-first wpforms-field-required\" name=\"wpforms[fields][2][first]\" placeholder=\"F\u00f6rnamn\" required><label for=\"wpforms-1707-field_2\" class=\"wpforms-field-sublabel after wpforms-sublabel-hide\">F\u00f6rst<\/label><\/div><div class=\"wpforms-field-row-block wpforms-one-half\"><input type=\"text\" id=\"wpforms-1707-field_2-last\" class=\"wpforms-field-name-last wpforms-field-required\" name=\"wpforms[fields][2][last]\" placeholder=\"Efternamn\" required><label for=\"wpforms-1707-field_2-last\" class=\"wpforms-field-sublabel after wpforms-sublabel-hide\">Sist<\/label><\/div><\/div><\/div><div id=\"wpforms-1707-field_3-container\" class=\"wpforms-field wpforms-field-text\" data-field-id=\"3\"><label class=\"wpforms-field-label\" for=\"wpforms-1707-field_3\">Adress <span class=\"wpforms-required-label\">*<\/span><\/label><input type=\"text\" id=\"wpforms-1707-field_3\" class=\"wpforms-field-medium wpforms-field-required\" name=\"wpforms[fields][3]\" placeholder=\"N\u00e4radress\" required><\/div><div id=\"wpforms-1707-field_4-container\" class=\"wpforms-field wpforms-field-text\" data-field-id=\"4\"><label class=\"wpforms-field-label\" for=\"wpforms-1707-field_4\">Postadress <span class=\"wpforms-required-label\">*<\/span><\/label><input type=\"text\" id=\"wpforms-1707-field_4\" class=\"wpforms-field-medium wpforms-field-required\" name=\"wpforms[fields][4]\" placeholder=\"Postnummer och ort\" required><\/div><div id=\"wpforms-1707-field_5-container\" class=\"wpforms-field wpforms-field-email\" data-field-id=\"5\"><label class=\"wpforms-field-label\" for=\"wpforms-1707-field_5\">Epost <span class=\"wpforms-required-label\">*<\/span><\/label><input type=\"email\" id=\"wpforms-1707-field_5\" class=\"wpforms-field-medium wpforms-field-required\" name=\"wpforms[fields][5]\" spellcheck=\"false\" required><\/div><div id=\"wpforms-1707-field_18-container\" class=\"wpforms-field wpforms-field-text\" data-field-id=\"18\"><label class=\"wpforms-field-label\" for=\"wpforms-1707-field_18\">Telefonnummer <span class=\"wpforms-required-label\">*<\/span><\/label><input type=\"text\" id=\"wpforms-1707-field_18\" class=\"wpforms-field-medium wpforms-field-required\" name=\"wpforms[fields][18]\" required><\/div><div id=\"wpforms-1707-field_7-container\" class=\"wpforms-field wpforms-field-text\" data-field-id=\"7\"><label class=\"wpforms-field-label\" for=\"wpforms-1707-field_7\">Jag vill delta i  <span class=\"wpforms-required-label\">*<\/span><\/label><input type=\"text\" id=\"wpforms-1707-field_7\" class=\"wpforms-field-medium wpforms-field-required\" name=\"wpforms[fields][7]\" placeholder=\"Kursnamn\" required><\/div><div id=\"wpforms-1707-field_8-container\" class=\"wpforms-field wpforms-field-text\" data-field-id=\"8\"><label class=\"wpforms-field-label\" for=\"wpforms-1707-field_8\">Hundens namn <span class=\"wpforms-required-label\">*<\/span><\/label><input type=\"text\" id=\"wpforms-1707-field_8\" class=\"wpforms-field-medium wpforms-field-required\" name=\"wpforms[fields][8]\" required><\/div><div id=\"wpforms-1707-field_9-container\" class=\"wpforms-field wpforms-field-text\" data-field-id=\"9\"><label class=\"wpforms-field-label\" for=\"wpforms-1707-field_9\">Hundens ras <span class=\"wpforms-required-label\">*<\/span><\/label><input type=\"text\" id=\"wpforms-1707-field_9\" class=\"wpforms-field-medium wpforms-field-required\" name=\"wpforms[fields][9]\" required><\/div><div id=\"wpforms-1707-field_10-container\" class=\"wpforms-field wpforms-field-checkbox\" data-field-id=\"10\"><label class=\"wpforms-field-label\">Hundens k\u00f6n <span class=\"wpforms-required-label\">*<\/span><\/label><ul id=\"wpforms-1707-field_10\" class=\"wpforms-field-required\"><li class=\"choice-1 depth-1\"><input type=\"checkbox\" id=\"wpforms-1707-field_10_1\" name=\"wpforms[fields][10][]\" value=\"Tik\" required ><label class=\"wpforms-field-label-inline\" for=\"wpforms-1707-field_10_1\">Tik<\/label><\/li><li class=\"choice-2 depth-1\"><input type=\"checkbox\" id=\"wpforms-1707-field_10_2\" name=\"wpforms[fields][10][]\" value=\"Hane\" required ><label class=\"wpforms-field-label-inline\" for=\"wpforms-1707-field_10_2\">Hane<\/label><\/li><\/ul><\/div><div id=\"wpforms-1707-field_12-container\" class=\"wpforms-field wpforms-field-textarea\" data-field-id=\"12\"><label class=\"wpforms-field-label\" for=\"wpforms-1707-field_12\">Vad vill du l\u00e4ra dig p\u00e5 kursen?<\/label><textarea id=\"wpforms-1707-field_12\" class=\"wpforms-field-medium\" name=\"wpforms[fields][12]\" ><\/textarea><\/div><div id=\"wpforms-1707-field_13-container\" class=\"wpforms-field wpforms-field-textarea\" data-field-id=\"13\"><label class=\"wpforms-field-label\" for=\"wpforms-1707-field_13\"> Ska hunden anv\u00e4ndas till n\u00e5got speciellt? (jakt, bruks, lydnad, sp\u00e5r, familjehund)<\/label><textarea id=\"wpforms-1707-field_13\" class=\"wpforms-field-medium\" name=\"wpforms[fields][13]\" ><\/textarea><\/div><div id=\"wpforms-1707-field_14-container\" class=\"wpforms-field wpforms-field-textarea\" data-field-id=\"14\"><label class=\"wpforms-field-label\" for=\"wpforms-1707-field_14\">Har hunden haft n\u00e5gra skador eller sjukdomar?<\/label><textarea id=\"wpforms-1707-field_14\" class=\"wpforms-field-medium\" name=\"wpforms[fields][14]\" ><\/textarea><\/div><div id=\"wpforms-1707-field_15-container\" class=\"wpforms-field wpforms-field-textarea\" data-field-id=\"15\"><label class=\"wpforms-field-label\" for=\"wpforms-1707-field_15\">Har du specifika problem med hunden?<\/label><textarea id=\"wpforms-1707-field_15\" class=\"wpforms-field-medium\" name=\"wpforms[fields][15]\" ><\/textarea><\/div><div id=\"wpforms-1707-field_16-container\" class=\"wpforms-field wpforms-field-checkbox\" data-field-id=\"16\"><label class=\"wpforms-field-label\">Avbest\u00e4llningsvillkor: Anm\u00e4lan till kurs\/utbildning \u00e4r bindande. Vid f\u00f6rhinder har jag sj\u00e4lv r\u00e4tt att s\u00e4lja min avbokade plats till annan deltagare som \u00e4r p\u00e5 l\u00e4mplig niv\u00e5 f\u00f6r kursen. <span class=\"wpforms-required-label\">*<\/span><\/label><ul id=\"wpforms-1707-field_16\" class=\"wpforms-field-required\"><li class=\"choice-1 depth-1\"><input type=\"checkbox\" id=\"wpforms-1707-field_16_1\" name=\"wpforms[fields][16][]\" value=\"Jag accepterar\" required ><label class=\"wpforms-field-label-inline\" for=\"wpforms-1707-field_16_1\">Jag accepterar<\/label><\/li><\/ul><\/div><div id=\"wpforms-1707-field_17-container\" class=\"wpforms-field wpforms-field-checkbox\" data-field-id=\"17\"><label class=\"wpforms-field-label\">Ansvarsvillkor: Jag \u00e4r sj\u00e4lv ansvarig f\u00f6r att jag och min hund \u00e4r tillr\u00e4ckligt f\u00f6rs\u00e4krade. Jag bekr\u00e4ftar att jag deltar p\u00e5 kursen p\u00e5 eget ansvar och att jag sj\u00e4lv \u00e4r ansvarig f\u00f6r eventuella skador som jag eller min hund orsakar. <span class=\"wpforms-required-label\">*<\/span><\/label><ul id=\"wpforms-1707-field_17\" class=\"wpforms-field-required\"><li class=\"choice-1 depth-1\"><input type=\"checkbox\" id=\"wpforms-1707-field_17_1\" name=\"wpforms[fields][17][]\" value=\"Jag accepterar\" required ><label class=\"wpforms-field-label-inline\" for=\"wpforms-1707-field_17_1\">Jag accepterar<\/label><\/li><\/ul><\/div><\/div><!-- .wpforms-field-container --><div class=\"wpforms-submit-container\" ><input type=\"hidden\" name=\"wpforms[id]\" value=\"1707\"><input type=\"hidden\" name=\"page_title\" value=\"\"><input type=\"hidden\" name=\"page_url\" value=\"https:\/\/www.hundinstitutet.com\/index.php?rest_route=\/wp\/v2\/pages\/605\"><input type=\"hidden\" name=\"url_referer\" value=\"\"><button type=\"submit\" name=\"wpforms[submit]\" id=\"wpforms-submit-1707\" class=\"wpforms-submit\" data-alt-text=\"Skickar din anm\u00e4lan...\" data-submit-text=\"Skicka\" aria-live=\"assertive\" value=\"wpforms-submit\">Skicka<\/button><\/div><\/form><\/div>  <!-- .wpforms-container -->\n\n\n<p><\/p>\n","protected":false},"excerpt":{"rendered":"<p>Startkurs med beh\u00e5llars\u00f6k och inomhuss\u00f6k&nbsp; Nosework \u00e4r en hundsportgren d\u00e4r i princip vilken hund som helst kan delta! Oavsett om du bara vill aktivera din hund med n\u00e5got roligt eller om du \u00e4r t\u00e4vlingsinriktad s\u00e5 passar denna gren utm\u00e4rkt. Sj\u00e4lvklart anv\u00e4nder vi bel\u00f6ningsbaserad tr\u00e4ning \u00e4ven h\u00e4r. Nu v\u00e4xer sporten med rasande fart och i Norden &hellip; <a href=\"https:\/\/www.hundinstitutet.com\/?page_id=605\" class=\"more-link\">Forts\u00e4tt l\u00e4sa <span class=\"screen-reader-text\">Nosework 1<\/span><\/a><\/p>\n","protected":false},"author":1,"featured_media":0,"parent":2327,"menu_order":0,"comment_status":"closed","ping_status":"closed","template":"","meta":{"footnotes":""},"class_list":["post-605","page","type-page","status-publish","hentry"],"_links":{"self":[{"href":"https:\/\/www.hundinstitutet.com\/index.php?rest_route=\/wp\/v2\/pages\/605","targetHints":{"allow":["GET"]}}],"collection":[{"href":"https:\/\/www.hundinstitutet.com\/index.php?rest_route=\/wp\/v2\/pages"}],"about":[{"href":"https:\/\/www.hundinstitutet.com\/index.php?rest_route=\/wp\/v2\/types\/page"}],"author":[{"embeddable":true,"href":"https:\/\/www.hundinstitutet.com\/index.php?rest_route=\/wp\/v2\/users\/1"}],"replies":[{"embeddable":true,"href":"https:\/\/www.hundinstitutet.com\/index.php?rest_route=%2Fwp%2Fv2%2Fcomments&post=605"}],"version-history":[{"count":104,"href":"https:\/\/www.hundinstitutet.com\/index.php?rest_route=\/wp\/v2\/pages\/605\/revisions"}],"predecessor-version":[{"id":3153,"href":"https:\/\/www.hundinstitutet.com\/index.php?rest_route=\/wp\/v2\/pages\/605\/revisions\/3153"}],"up":[{"embeddable":true,"href":"https:\/\/www.hundinstitutet.com\/index.php?rest_route=\/wp\/v2\/pages\/2327"}],"wp:attachment":[{"href":"https:\/\/www.hundinstitutet.com\/index.php?rest_route=%2Fwp%2Fv2%2Fmedia&parent=605"}],"curies":[{"name":"wp","href":"https:\/\/api.w.org\/{rel}","templated":true}]}}