{"id":8,"date":"2014-04-15T20:05:32","date_gmt":"2014-04-15T20:05:32","guid":{"rendered":"http:\/\/hundinstitutet.cotongardens.com\/?page_id=8"},"modified":"2024-03-26T11:19:16","modified_gmt":"2024-03-26T11:19:16","slug":"canis-hundskola-aland","status":"publish","type":"page","link":"https:\/\/www.hundinstitutet.com\/?page_id=8","title":{"rendered":"Hundinstitutets tr\u00e4ningsmetoder"},"content":{"rendered":"\n<p>\u00c5r 2009 startades Hundinstitutet (fd Canis hundskola \u00c5land, tillh\u00f6rde d\u00e5 Canis i Norge). Vi anv\u00e4nder det vi kallar bel\u00f6ningsbaserade metoder som grundar sig p\u00e5 klickertr\u00e4ning samt andra beteendevetenskapliga tr\u00e4ningsmetoder p\u00e5 v\u00e5ra kurser. Som elev beh\u00f6ver du varken anv\u00e4nda klickertr\u00e4ning eller klickern om du inte g\u00e4rna vill f\u00f6rst\u00e5s. Oavsett vilken kurs du v\u00e4ljer hos oss \u00e4r det en bel\u00f6ningsbaserad kurs, vi tar h\u00e4nsyn till hundens individuella beteenden.<\/p>\n\n\n\n<p>Vill du l\u00e4ra dig specifikt klickertr\u00e4ning h\u00e5ller vi ocks\u00e5 s\u00e5dan kurser. Klickertr\u00e4ning \u00e4r ett STORT \u00e4mne och det finns v\u00e4ldigt mycket teoretiskt man beh\u00f6ver kunna f\u00f6r att f\u00e5 det att fungera optimalt. Metoden \u00e4r FANTASTISKT inspirerande, utvecklande och v\u00e4ldigt ROLIGT n\u00e4r man f\u00f6rst\u00e5r hur det verkligen fungerar.<\/p>\n\n\n\n<p>Vissa av v\u00e5ra kurser inneh\u00e5ller delar av klickertr\u00e4ning d\u00e4r du kan \u201dsmaka p\u00e5 metoden\u201d ex apportering. target\/plattformer, rally och lydnad med targets, f\u00f6rberedande agility eller s\u00e5 v\u00e4ljer du specifikt Klickertr\u00e4ning d\u00e4r du mer ing\u00e5ende f\u00e5r kunskap om metoden .<\/p>\n\n\n\n<h2 class=\"wp-block-heading\">Vad \u00e4r klickertr\u00e4ning?<\/h2>\n\n\n\n<p>Med klickertr\u00e4ning kan du l\u00e4ra hunden allt fr\u00e5n vardagslydnad till avancerad t\u00e4vlingslydnad f\u00f6r alla varianter av hundar och hundsporter. I grunden handlar klickertr\u00e4ning om ett bel\u00f6ningsbaserat tankes\u00e4tt d\u00e4r vi fokuserar p\u00e5 att bel\u00f6na r\u00e4tt beteende ist\u00e4llet f\u00f6r att korrigera fel. Klickertr\u00e4ningen baseras p\u00e5 vetenskaplig grund, det \u00e4r ett stort \u00e4mne och det finns otroligt mycket att l\u00e4ra sig. Klickertr\u00e4ning \u00e4r s\u00e5 mycket mer \u00e4n att klicka och bel\u00f6na.<\/p>\n\n\n<div class=\"wp-block-image\">\n<figure class=\"aligncenter size-large\"><a href=\"https:\/\/www.hundinstitutet.com\/wp-content\/uploads\/2014\/04\/freestyle-030.jpg\"><img loading=\"lazy\" decoding=\"async\" width=\"1024\" height=\"768\" src=\"https:\/\/www.hundinstitutet.com\/wp-content\/uploads\/2014\/04\/freestyle-030-1024x768.jpg\" alt=\"\" class=\"wp-image-218\" srcset=\"https:\/\/www.hundinstitutet.com\/wp-content\/uploads\/2014\/04\/freestyle-030-1024x768.jpg 1024w, https:\/\/www.hundinstitutet.com\/wp-content\/uploads\/2014\/04\/freestyle-030-300x225.jpg 300w\" sizes=\"auto, (max-width: 1024px) 100vw, 1024px\" \/><\/a><\/figure>\n<\/div>\n\n\n<p><br>F\u00f6rdelar med klickertr\u00e4ning:<\/p>\n\n\n\n<ul class=\"wp-block-list\">\n<li>Man jobbar huvudsakligen med att bel\u00f6na \u00f6nskade beteenden i st\u00e4llet f\u00f6r att korrigera fel. Det ger arbetsglada hundar som tycker om att tr\u00e4na, och som inte \u00e4r r\u00e4dda f\u00f6r att g\u00f6ra fel.<\/li>\n\n\n\n<li>I st\u00e4llet f\u00f6r att locka, leda och kommendera hunden l\u00e4r man den att i h\u00f6g grad sj\u00e4lv r\u00e4kna ut vilket beteende vi \u00e4r ute efter. Det g\u00f6r att det \u00e4r mindre risk att hunden blir beroende av on\u00f6diga hj\u00e4lper.<\/li>\n\n\n\n<li>Eftersom hunden redan fr\u00e5n b\u00f6rjan f\u00e5tt l\u00e4ra sig att erbjuda beteenden frivilligt, f\u00e5r man en hund som hela tiden deltar frivilligt i tr\u00e4ningen. Man beh\u00f6ver inte bekymra sig \u00f6ver d\u00e5lig kontakt om man har en ordentligt klickertr\u00e4nad hund!<\/li>\n\n\n\n<li>Ett beteende som l\u00e4rts in med hj\u00e4lp av klickertr\u00e4ning verkar l\u00e4ttare att generalisera till nya milj\u00f6er och situationer. Det vill s\u00e4ga, om hunden har l\u00e4rt sig en sak i en situation \u00e4r det l\u00e4tt att l\u00e4ra den att g\u00f6ra samma sak lika bra i andra situationer ocks\u00e5.<\/li>\n<\/ul>\n\n\n<div class=\"wp-block-image\">\n<figure class=\"aligncenter size-full\"><a href=\"https:\/\/www.hundinstitutet.com\/wp-content\/uploads\/2014\/04\/nelytranargangundermarch.jpg\"><img loading=\"lazy\" decoding=\"async\" width=\"480\" height=\"320\" src=\"https:\/\/www.hundinstitutet.com\/wp-content\/uploads\/2014\/04\/nelytranargangundermarch.jpg\" alt=\"\" class=\"wp-image-795\" srcset=\"https:\/\/www.hundinstitutet.com\/wp-content\/uploads\/2014\/04\/nelytranargangundermarch.jpg 480w, https:\/\/www.hundinstitutet.com\/wp-content\/uploads\/2014\/04\/nelytranargangundermarch-300x200.jpg 300w\" sizes=\"auto, (max-width: 480px) 100vw, 480px\" \/><\/a><\/figure>\n<\/div>\n\n\n<ul class=\"wp-block-list\">\n<li>Med hj\u00e4lp av klickern kan du f\u00f6rst\u00e4rka v\u00e4ldigt exakt \u2013 \u201dtimingen\u201d p\u00e5 bel\u00f6ningen blir b\u00e4ttre. Tr\u00e4ningen blir mer effektiv, du sparar tid och du kan f\u00e5 exakt den precision du \u00e4r ute efter.<\/li>\n\n\n\n<li>I klickertr\u00e4ning l\u00e4r vi f\u00f6rst hunden vad den ska g\u00f6ra. F\u00f6rst n\u00e4r hunden utf\u00f6r beteendet perfekt s\u00e4tter vi p\u00e5 kommandot. Eftersom hunden f\u00f6rst l\u00e4r sig beteendet innan vi l\u00e4gger p\u00e5 kommandot f\u00e5r vi ett s\u00e4krare kommando som inte blir \u201durvattnat\u201d.<\/li>\n\n\n\n<li>Klickertr\u00e4ning blir riktigt roligt n\u00e4r du har h\u00e5llit p\u00e5 ett par m\u00e5nader. Efter ett tag f\u00e5r du vad vi kallar en \u201dklickerklok\u201d hund. En klickerklok hund har l\u00e4rt sig spelreglerna ordentligt, den \u00e4lskar att tr\u00e4na, den erbjuder beteenden s\u00e5 det sprutar och \u00e4r v\u00e4ldigt kreativ. Nya \u00f6vningar g\u00e5r otroligt fort att l\u00e4ra in. Vi hoppas att du n\u00e5gon g\u00e5ng f\u00e5r uppleva hur det k\u00e4nns att tr\u00e4na en s\u00e5dan hund. Det \u00e4r en riktig kick!<\/li>\n\n\n\n<li>Som klickertr\u00e4nare blir du allt duktigare p\u00e5 att observera beteenden och \u201dl\u00e4sa\u201d hunden, att dela upp tr\u00e4ningen i sm\u00e5 delm\u00e5l och att \u00f6ka kraven i sm\u00e5 steg som \u00e4r anpassade till hunden.<\/li>\n\n\n\n<li>Ocks\u00e5 \u00e4r det f\u00f6rskr\u00e4ckligt roligt n\u00e4r du v\u00e4l kommer i g\u00e5ng! Du blir helt enkelt p\u00e5 bra hum\u00f6r av att tr\u00e4na p\u00e5 det h\u00e4r s\u00e4ttet.<\/li>\n<\/ul>\n\n\n\n<p>K\u00e4lla: www.canis.se<\/p>\n\n\n\n<p>L\u00e4s mer om vad klickertr\u00e4ning \u00e4r vid sidan: www.canis.se eller KOM med p\u00e5 kurs !<\/p>\n","protected":false},"excerpt":{"rendered":"<p>\u00c5r 2009 startades Hundinstitutet (fd Canis hundskola \u00c5land, tillh\u00f6rde d\u00e5 Canis i Norge). Vi anv\u00e4nder det vi kallar bel\u00f6ningsbaserade metoder som grundar sig p\u00e5 klickertr\u00e4ning samt andra beteendevetenskapliga tr\u00e4ningsmetoder p\u00e5 v\u00e5ra kurser. Som elev beh\u00f6ver du varken anv\u00e4nda klickertr\u00e4ning eller klickern om du inte g\u00e4rna vill f\u00f6rst\u00e5s. Oavsett vilken kurs du v\u00e4ljer hos oss \u00e4r &hellip; <a href=\"https:\/\/www.hundinstitutet.com\/?page_id=8\" class=\"more-link\">Forts\u00e4tt l\u00e4sa <span class=\"screen-reader-text\">Hundinstitutets tr\u00e4ningsmetoder<\/span><\/a><\/p>\n","protected":false},"author":1,"featured_media":0,"parent":2895,"menu_order":0,"comment_status":"closed","ping_status":"closed","template":"","meta":{"footnotes":""},"class_list":["post-8","page","type-page","status-publish","hentry"],"_links":{"self":[{"href":"https:\/\/www.hundinstitutet.com\/index.php?rest_route=\/wp\/v2\/pages\/8","targetHints":{"allow":["GET"]}}],"collection":[{"href":"https:\/\/www.hundinstitutet.com\/index.php?rest_route=\/wp\/v2\/pages"}],"about":[{"href":"https:\/\/www.hundinstitutet.com\/index.php?rest_route=\/wp\/v2\/types\/page"}],"author":[{"embeddable":true,"href":"https:\/\/www.hundinstitutet.com\/index.php?rest_route=\/wp\/v2\/users\/1"}],"replies":[{"embeddable":true,"href":"https:\/\/www.hundinstitutet.com\/index.php?rest_route=%2Fwp%2Fv2%2Fcomments&post=8"}],"version-history":[{"count":40,"href":"https:\/\/www.hundinstitutet.com\/index.php?rest_route=\/wp\/v2\/pages\/8\/revisions"}],"predecessor-version":[{"id":2944,"href":"https:\/\/www.hundinstitutet.com\/index.php?rest_route=\/wp\/v2\/pages\/8\/revisions\/2944"}],"up":[{"embeddable":true,"href":"https:\/\/www.hundinstitutet.com\/index.php?rest_route=\/wp\/v2\/pages\/2895"}],"wp:attachment":[{"href":"https:\/\/www.hundinstitutet.com\/index.php?rest_route=%2Fwp%2Fv2%2Fmedia&parent=8"}],"curies":[{"name":"wp","href":"https:\/\/api.w.org\/{rel}","templated":true}]}}